multiple of 3?
True
Is 13840 a multiple of 22?
False
Is 416 a multiple of 6?
False
Is 887 a multiple of 121?
False
Does 13 divide 1196?
True
Does 9 divide 5327?
False
Is 81061 a multiple of 46?
False
Is 73723 a multiple of 38?
False
Does 27 divide 8790?
False
Does 15 divide 714?
False
Does 9 divide 1034?
False
Is 20 a factor of 760?
True
Is 2688 a multiple of 8?
True
Does 2 divide 1135?
False
Is 10825 a multiple of 14?
False
Is 54 a factor of 32076?
True
Does 16 divide 13232?
True
Is 79 a factor of 1075?
False
Is 21 a factor of 903?
True
Is 69 a factor of 552?
True
Does 44 divide 424?
False
Is 1375 a multiple of 56?
False
Is 28 a factor of 1624?
True
Is 90013 a multiple of 215?
False
Is 35 a factor of 626?
False
Does 41 divide 2919?
False
Is 20 a factor of 5440?
True
Does 10 divide 12602?
False
Does 161 divide 644?
True
Does 35 divide 4032?
False
Does 27 divide 39?
False
Does 2 divide 306?
True
Is 9515 a multiple of 173?
True
Is 95 a factor of 28641?
False
Does 79 divide 237?
True
Is 19 a factor of 349?
False
Is 444 a multiple of 12?
True
Is 1886 a multiple of 88?
False
Is 5753 a multiple of 35?
False
Does 16 divide 240?
True
Is 35 a factor of 945?
True
Is 84350 a multiple of 66?
False
Is 27276 a multiple of 12?
True
Is 7533 a multiple of 31?
True
Does 23 divide 16790?
True
Does 4 divide 307?
False
Is 60 a factor of 480?
True
Is 1637 a multiple of 19?
False
Is 884 a multiple of 17?
True
Is 101 a factor of 7630?
False
Is 3 a factor of 38?
False
Does 40 divide 28800?
True
Does 12 divide 474?
False
Does 14 divide 378?
True
Is 2 a factor of 269?
False
Does 8 divide 741?
False
Is 104 a factor of 6864?
True
Is 310 a multiple of 62?
True
Does 18 divide 5786?
False
Is 73 a factor of 5037?
True
Is 1968 a multiple of 3?
True
Is 382 even?
True
Is 56 a factor of 2522?
False
Is 13797 a multiple of 9?
True
Is 92 a factor of 379?
False
Does 13 divide 1053?
True
Is 160 a multiple of 7?
False
Is 182 a multiple of 26?
True
Is 23 a factor of 13423?
False
Is 32 a factor of 2693?
False
Is 1275 even?
False
Is 7 a factor of 6720?
True
Does 68 divide 8447?
False
Is 2 a factor of 157?
False
Does 81 divide 1377?
True
Is 39 a factor of 95745?
True
Does 20 divide 1152?
False
Does 12 divide 292?
False
Does 88 divide 93031?
False
Is 8635 a multiple of 43?
False
Is 187 a multiple of 17?
True
Is 16 a factor of 5224?
False
Is 18 a factor of 1870?
False
Does 90 divide 2160?
True
Is 190 a multiple of 3?
False
Is 630 a multiple of 7?
True
Is 1581 a multiple of 31?
True
Is 1546 a multiple of 9?
False
Is 20 a factor of 4706?
False
Is 9516 a multiple of 61?
True
Is 5050 a multiple of 101?
True
Does 23 divide 1239?
False
Is 32 a factor of 21920?
True
Is 200 a factor of 21200?
True
Does 59 divide 7139?
True
Is 19 a factor of 13798?
False
Is 37 a factor of 1517?
True
Does 6 divide 4658?
False
Does 17 divide 824?
False
Is 65 a factor of 2470?
True
Is 14 a factor of 9002?
True
Is 35364 a multiple of 7?
True
Is 51 a factor of 3111?
True
Is 20543 a multiple of 64?
False
Is 938 a multiple of 7?
True
Is 2986 a multiple of 3?
False
Is 11276 a multiple of 151?
False
Is 714 a multiple of 34?
True
Is 91 a factor of 9464?
True
Is 109 a factor of 5886?
True
Does 27 divide 6689?
False
Does 3 divide 504?
True
Is 20355 a multiple of 59?
True
Is 54 a factor of 1296?
True
Is 19 a factor of 713?
False
Is 10 a factor of 16703?
False
Is 167 a factor of 55611?
True
Is 10638 a multiple of 54?
True
Is 150 a multiple of 25?
True
Does 64 divide 3904?
True
Is 5 a factor of 575?
True
Does 18 divide 3971?
False
Is 13 a factor of 26?
True
Is 49 a factor of 1617?
True
Is 5109 a multiple of 8?
False
Is 4 a factor of 2280?
True
Does 135 divide 476?
False
Is 58205 a multiple of 21?
False
Is 3 a factor of 1018?
False
Does 9 divide 71?
False
Does 44 divide 4250?
False
Is 35982 a multiple of 6?
True
Is 1480 a multiple of 275?
False
Does 17 divide 10854?
False
Is 1380 a multiple of 38?
False
Is 12475 a multiple of 25?
True
Is 18 a factor of 831?
False
Is 11 a factor of 14312?
False
Is 204 a multiple of 6?
True
Is 50306 a multiple of 273?
False
Does 65 divide 3965?
True
Is 1262 a multiple of 12?
False
Does 21 divide 450?
False
Is 108 a multiple of 9?
True
Is 49 a factor of 3577?
True
Is 154257 a multiple of 38?
False
Does 41 divide 1013?
False
Does 27 divide 1582?
False
Is 37200 a multiple of 24?
True
Is 1339 a multiple of 76?
False
Is 14 a factor of 366?
False
Is 65304 a multiple of 72?
True
Is 471 a multiple of 4?
False
Is 6 a factor of 60?
True
Is 150 a multiple of 16?
False
Does 38 divide 1140?
True
Is 1111 a multiple of 11?
True
Is 22 a factor of 4838?
False
Does 13 divide 1281?
False
Does 12 divide 30276?
True
Does 14 divide 13065?
False
Is 15 a factor of 7020?
True
Does 5 divide 2026?
False
Is 247 a multiple of 17?
False
Is 96 a multiple of 87?
False
Is 16502 a multiple of 78?
False
Is 56 a factor of 10316?
False
Is 11 a factor of 72?
False
Is 79 a factor of 1137?
False
Is 54829 a multiple of 270?
False
Does 8 divide 608?
True
Is 104 a factor of 17717?
False
Is 8498 a multiple of 52?
False
Does 8 divide 39?
False
Is 4104 a multiple of 3?
True
Is 30 a factor of 2550?
True
Is 781 a multiple of 9?
False
Is 192 a multiple of 24?
True
Is 2080 a multiple of 104?
True
Is 686 a multiple of 5?
False
Is 6 a factor of 449?
False
Does 64 divide 2112?
True
Does 20 divide 1260?
True
Does 17 divide 1071?
True
Does 8 divide 8?
True
Is 4 a factor of 1368?
True
Is 1560 a multiple of 130?
True
Is 87 a factor of 700?
False
Does 53 divide 2120?
True
Is 102 a multiple of 9?
False
Does 32 divide 1923?
False
Is 11 a factor of 117293?
True
Is 2818 a multiple of 9?
False
Is 13731 a multiple of 69?
True
Does 23 divide 6187?
True
Does 65 divide 2990?
True
Is 11 a factor of 4681?
False
Is 270 a multiple of 10?
True
Is 11 a factor of 47?
False
Is 30 a factor of 5494?
False
Is 11 a factor of 1012?
True
Is 23 a factor of 2357?
False
Does 10 divide 1823?
False
Does 42 divide 3444?
True
Does 7 divide 673?
False
Is 3 a factor of 300?
True
Does 41 divide 7339?
True
Does 86 divide 258?
True
Is 9630 a multiple of 214?
True
Does 13 divide 48529?
True
Is 3141 a multiple of 9?
True
Is 78 a factor of 14352?
True
Is 169 a factor of 37746?
False
Is 1728 a multiple of 27?
True
Is 64798 a multiple of 19?
False
Is 19 a factor of 18434?
False
Is 38019 a multiple of 33?
False
Is 19277 a multiple of 68?
False
Is 428 a multiple of 4?
True
Is 5834 a multiple of 7?
False
Does 33 divide 73953?
True
Does 44 divide 4180?
True
Does 11 divide 1870?
True
Does 25 divide 383?
False
Is 2763 a multiple of 89?
False
Is 6 a factor of 1518?
True
Does 79 divide 3233?
False
Is 1310 a multiple of 47?
False
Is 15 a factor of 255?
True
Is 238 a multiple of 14?
True
Is 1400 a multiple of 28?
True
Does 20 divide 21830?
False
Does 17 divide 560?
False
Is 9225 a multiple of 45?
True
Is 13923 a multiple of 16?
False
Is 20 a factor of 400?
True
Is 9 a factor of 3693?
False
Is 1092 a multiple of 26?
True
Is 23 a factor of 1294?
False
Is 207 a multiple of 12?
False
Is 33464 a multiple of 47?
True
Is 5232 a multiple of 6?
True
Does 40 divide 36446?
False
Is 555 a multiple of 37?
True
Is 57 a factor of 20707?
False
Is 66584 a multiple of 56?
True
Is 22 a factor of 7062?
True
Is 13 a factor of 2457?
True
Is 1121 a multiple of 6?
False
Does 31 divide 5163?
False
Does 44 divide 5871?
False
Does 72 divide 720?
True
Does 5 divide 121?
False
Does 23 divide 147?
False
Is 4740 a multiple of 12?
True
Does 41 divide 902?
True
Is 22 a factor of 24530?
True
Does 99 divide 28163?
False
Is 6 a factor of 6384?
True
Is 28430 a multiple of 197?
False
Is 6 a factor of 6019?
False
Is 4 a factor of 5329?
False
Is 908 a multiple of 27?
False
Does 25 divide 1513?
False
Is 36208 a multiple of 45?
False
Is 5 a factor of 310?
True
Is 26891 a multiple of 121?
False
Is 2967 a multiple of 17?
False
Does 4 divide 720?
True
Does 153 divide 4260?
False
Is 9 a factor of 8766?
True
Is 13 a factor of 1235?
True
Is 88 a factor of 295?
False
Is 3681 a multiple of 18?
False
Is 21 a factor of 1470?
True
Is 2050 a multiple of 122?
False
Is 2829 a multiple of 41?
True
Is 1586 a multiple of 13?
True
Is 13 a factor of 3696?
False
Does 19 divide 6301?
False
Does 15 divide 26145?
True
Is 3734 a multiple of 38?
False
Does 9 divide 22